{"id":367,"date":"2023-09-14T09:16:00","date_gmt":"2023-09-14T09:16:00","guid":{"rendered":"http:\/\/2024.wordpress.net\/?page_id=367"},"modified":"2023-10-02T15:35:32","modified_gmt":"2023-10-02T15:35:32","slug":"blogger-demo","status":"publish","type":"page","link":"https:\/\/2024.wordpress.net\/index.php\/blogger-demo\/","title":{"rendered":"Blogger demo"},"content":{"rendered":"\n<div class=\"wp-block-group alignfull has-global-padding is-layout-constrained wp-container-core-group-is-layout-19e250f3 wp-block-group-is-layout-constrained\">\n<div class=\"wp-block-group alignfull has-background has-global-padding is-layout-constrained wp-container-core-group-is-layout-daa29608 wp-block-group-is-layout-constrained\" style=\"background-color:#f2efe6;margin-top:0;margin-bottom:0;padding-top:var(--wp--preset--spacing--50);padding-right:var(--wp--preset--spacing--50);padding-bottom:var(--wp--preset--spacing--50);padding-left:var(--wp--preset--spacing--50)\">\n<p class=\"has-text-align-center has-text-color has-link-color has-heading-font-family has-x-large-font-size wp-elements-8a3ff9fb17d4ad5cd2cd690fc6e35037\" style=\"color:#373930;font-style:normal;font-weight:400;line-height:1.2\"><em>J&#8217;\u00e9cris sur la finance, la gestion et l&#8217;\u00e9conomie, mon livre &#8220;<a href=\"#\">\u00c9tudes mon\u00e9taires<\/a>&#8221; est sorti maintenant.<\/em><\/p>\n<\/div>\n\n\n\n<div class=\"wp-block-group alignfull has-background has-global-padding is-layout-constrained wp-container-core-group-is-layout-7f816e57 wp-block-group-is-layout-constrained\" style=\"background-color:#f2efe6;margin-top:0;margin-bottom:0;padding-top:var(--wp--preset--spacing--40);padding-right:var(--wp--preset--spacing--40);padding-bottom:var(--wp--preset--spacing--40);padding-left:var(--wp--preset--spacing--40)\">\n<div class=\"wp-block-columns alignwide is-layout-flex wp-container-core-columns-is-layout-7e464bea wp-block-columns-is-layout-flex\">\n<div class=\"wp-block-column is-layout-flow wp-block-column-is-layout-flow\" style=\"flex-basis:10%\"><\/div>\n\n\n\n<div class=\"wp-block-column is-layout-flow wp-block-column-is-layout-flow\" style=\"flex-basis:60%\">\n<div class=\"wp-block-query is-layout-flow wp-block-query-is-layout-flow\"><ul style=\"color:#373930;\" class=\"has-link-color wp-elements-d01d8ec93dea0cf64f5cbc1e54615ece wp-block-post-template has-text-color is-layout-flow wp-block-post-template-is-layout-flow\"><li class=\"wp-block-post post-379 writer type-writer status-publish hentry category-finance\">\n\n<article class=\"wp-block-group is-vertical is-content-justification-stretch is-layout-flex wp-container-core-group-is-layout-353c4f5a wp-block-group-is-layout-flex wp-elements-d01d8ec93dea0cf64f5cbc1e54615ece\">\n\n<h2 class=\"wp-block-post-title has-large-font-size\"><a href=\"https:\/\/2024.wordpress.net\/index.php\/writer\/pour-les-debutants-comment-commencer-a-investir-dans-le-marche-boursier\/\" target=\"_self\" >Pour les d\u00e9butants: Comment commencer \u00e0 investir dans le march\u00e9 boursier<\/a><\/h2>\n\n\n<div class=\"wp-block-group is-nowrap is-layout-flex wp-container-core-group-is-layout-a058373c wp-block-group-is-layout-flex\"><div class=\"wp-block-post-date\"><time datetime=\"2023-09-19T13:57:41+00:00\"><a href=\"https:\/\/2024.wordpress.net\/index.php\/writer\/pour-les-debutants-comment-commencer-a-investir-dans-le-marche-boursier\/\">Sep 19, 2023<\/a><\/time><\/div>\n\n\n<p class=\"has-small-font-size\">\u2014<\/p>\n\n\n<div class=\"wp-block-post-author-name\"><a href=\"https:\/\/2024.wordpress.net\/index.php\/author\/twenty4\/\" target=\"_self\" class=\"wp-block-post-author-name__link\">Adele Diouf<\/a><\/div>\n\n<div class=\"taxonomy-category wp-block-post-terms\"><span class=\"wp-block-post-terms__prefix\">in <\/span><a href=\"https:\/\/2024.wordpress.net\/index.php\/category\/finance\/\" rel=\"tag\">Finance<\/a><\/div><\/div>\n<\/article>\n\n\n<div class=\"wp-block-post-excerpt\"><p class=\"wp-block-post-excerpt__excerpt\">Les investisseurs doivent r\u00e9sister aux r\u00e9actions instinctives et adopter plut\u00f4t une perspective \u00e0 long terme. Naviguer sur des march\u00e9s volatils exige une approche strat\u00e9gique qui allie vigilance et adaptabilit\u00e9. <\/p><\/div>\n\n\n<div style=\"height:100px\" aria-hidden=\"true\" class=\"wp-block-spacer\"><\/div>\n\n<\/li><li class=\"wp-block-post post-378 writer type-writer status-publish hentry category-finance\">\n\n<article class=\"wp-block-group is-vertical is-content-justification-stretch is-layout-flex wp-container-core-group-is-layout-353c4f5a wp-block-group-is-layout-flex wp-elements-d01d8ec93dea0cf64f5cbc1e54615ece\">\n\n<h2 class=\"wp-block-post-title has-large-font-size\"><a href=\"https:\/\/2024.wordpress.net\/index.php\/writer\/explorer-limpact-mondial-des-politiques-des-banques-centrales\/\" target=\"_self\" >Explorer l\u2019impact mondial des politiques des banques centrales<\/a><\/h2>\n\n\n<div class=\"wp-block-group is-nowrap is-layout-flex wp-container-core-group-is-layout-a058373c wp-block-group-is-layout-flex\"><div class=\"wp-block-post-date\"><time datetime=\"2023-09-19T13:56:15+00:00\"><a href=\"https:\/\/2024.wordpress.net\/index.php\/writer\/explorer-limpact-mondial-des-politiques-des-banques-centrales\/\">Sep 19, 2023<\/a><\/time><\/div>\n\n\n<p class=\"has-small-font-size\">\u2014<\/p>\n\n\n<div class=\"wp-block-post-author-name\"><a href=\"https:\/\/2024.wordpress.net\/index.php\/author\/twenty4\/\" target=\"_self\" class=\"wp-block-post-author-name__link\">Adele Diouf<\/a><\/div>\n\n<div class=\"taxonomy-category wp-block-post-terms\"><span class=\"wp-block-post-terms__prefix\">in <\/span><a href=\"https:\/\/2024.wordpress.net\/index.php\/category\/finance\/\" rel=\"tag\">Finance<\/a><\/div><\/div>\n<\/article>\n\n\n<div class=\"wp-block-post-excerpt\"><p class=\"wp-block-post-excerpt__excerpt\">Les fluctuations devenant la norme, les investisseurs doivent r\u00e9sister aux r\u00e9actions instinctives et adopter plut\u00f4t une perspective \u00e0 long terme. <\/p><\/div>\n\n\n<div style=\"height:100px\" aria-hidden=\"true\" class=\"wp-block-spacer\"><\/div>\n\n<\/li><li class=\"wp-block-post post-370 writer type-writer status-publish hentry category-finance\">\n\n<article class=\"wp-block-group is-vertical is-content-justification-stretch is-layout-flex wp-container-core-group-is-layout-353c4f5a wp-block-group-is-layout-flex wp-elements-d01d8ec93dea0cf64f5cbc1e54615ece\">\n\n<h2 class=\"wp-block-post-title has-large-font-size\"><a href=\"https:\/\/2024.wordpress.net\/index.php\/writer\/writer-post\/\" target=\"_self\" >Naviguer sur des march\u00e9s volatils en des temps incertains<\/a><\/h2>\n\n\n<div class=\"wp-block-group is-nowrap is-layout-flex wp-container-core-group-is-layout-a058373c wp-block-group-is-layout-flex\"><div class=\"wp-block-post-date\"><time datetime=\"2023-09-15T16:19:45+00:00\"><a href=\"https:\/\/2024.wordpress.net\/index.php\/writer\/writer-post\/\">Sep 15, 2023<\/a><\/time><\/div>\n\n\n<p class=\"has-small-font-size\">\u2014<\/p>\n\n\n<div class=\"wp-block-post-author-name\"><a href=\"https:\/\/2024.wordpress.net\/index.php\/author\/twenty4\/\" target=\"_self\" class=\"wp-block-post-author-name__link\">Adele Diouf<\/a><\/div>\n\n<div class=\"taxonomy-category wp-block-post-terms\"><span class=\"wp-block-post-terms__prefix\">in <\/span><a href=\"https:\/\/2024.wordpress.net\/index.php\/category\/finance\/\" rel=\"tag\">Finance<\/a><\/div><\/div>\n<\/article>\n\n\n<div class=\"wp-block-post-excerpt\"><p class=\"wp-block-post-excerpt__excerpt\">Dans le paysage \u00e9conomique dynamique d&#8217;aujourd&#8217;hui, naviguer sur des march\u00e9s volatils exige une approche strat\u00e9gique qui allie vigilance et adaptabilit\u00e9. Les fluctuations devenant la norme, les investisseurs doivent r\u00e9sister aux r\u00e9actions instinctives et adopter plut\u00f4t une perspective \u00e0 long terme.&hellip; <\/p><\/div>\n\n\n<div style=\"height:100px\" aria-hidden=\"true\" class=\"wp-block-spacer\"><\/div>\n\n<\/li><\/ul>\n\n\n\n<\/div>\n<\/div>\n\n\n\n<div class=\"wp-block-column is-layout-flow wp-block-column-is-layout-flow\" style=\"flex-basis:10%\"><\/div>\n\n\n\n<div class=\"wp-block-column is-layout-flow wp-block-column-is-layout-flow\" style=\"flex-basis:30%\">\n<div class=\"wp-block-group has-text-color has-link-color wp-elements-8e1a5d8a22024605daceb0cbfe3e4520 has-global-padding is-layout-constrained wp-container-core-group-is-layout-814af94f wp-block-group-is-layout-constrained\" style=\"color:#373930\">\n<div style=\"height:var(--wp--preset--spacing--10)\" aria-hidden=\"true\" class=\"wp-block-spacer\"><\/div>\n\n\n\n<div class=\"wp-block-group has-global-padding is-layout-constrained wp-block-group-is-layout-constrained\" style=\"margin-top:0;margin-bottom:0\">\n<figure class=\"wp-block-image size-full is-resized is-style-rounded is-style-rounded--1\"><img loading=\"lazy\" decoding=\"async\" width=\"2480\" height=\"2480\" src=\"http:\/\/2024.wordpress.net\/wp-content\/uploads\/2023\/09\/writer_avatar.jpg\" alt=\"\" class=\"wp-image-508\" style=\"width:80px\" srcset=\"https:\/\/2024.wordpress.net\/wp-content\/uploads\/2023\/09\/writer_avatar.jpg 2480w, https:\/\/2024.wordpress.net\/wp-content\/uploads\/2023\/09\/writer_avatar-300x300.jpg 300w, https:\/\/2024.wordpress.net\/wp-content\/uploads\/2023\/09\/writer_avatar-1024x1024.jpg 1024w, https:\/\/2024.wordpress.net\/wp-content\/uploads\/2023\/09\/writer_avatar-150x150.jpg 150w, https:\/\/2024.wordpress.net\/wp-content\/uploads\/2023\/09\/writer_avatar-768x768.jpg 768w, https:\/\/2024.wordpress.net\/wp-content\/uploads\/2023\/09\/writer_avatar-1536x1536.jpg 1536w, https:\/\/2024.wordpress.net\/wp-content\/uploads\/2023\/09\/writer_avatar-2048x2048.jpg 2048w\" sizes=\"auto, (max-width: 2480px) 100vw, 2480px\" \/><\/figure>\n\n\n\n<h2 class=\"wp-block-heading\" style=\"font-size:clamp(1.039rem, 1.039rem + ((1vw - 0.2rem) * 0.935), 1.6rem);\">Sur l&#8217;auteur<\/h2>\n\n\n\n<p class=\"has-small-font-size\">Je suis Adele Diouf, et je suis anim\u00e9e par une curiosit\u00e9 insatiable de d\u00e9voiler la tapisserie complexe de la finance et de l&#8217;\u00e9conomie. Au cours de plus d&#8217;une d\u00e9cennie, mon voyage \u00e0 travers le labyrinthe des march\u00e9s mondiaux, des politiques mon\u00e9taires et des tendances \u00e9conomiques a fourni aux lecteurs les outils n\u00e9cessaires pour naviguer dans le paysage dynamique de la finance.<\/p>\n<\/div>\n\n\n\n<hr class=\"wp-block-separator has-text-color has-base-3-color has-alpha-channel-opacity has-base-3-background-color has-background is-style-wide\"\/>\n\n\n\n<div class=\"wp-block-group has-global-padding is-layout-constrained wp-block-group-is-layout-constrained\">\n<h2 class=\"wp-block-heading\" style=\"font-size:clamp(1.039rem, 1.039rem + ((1vw - 0.2rem) * 0.935), 1.6rem);\">Latest Posts<\/h2>\n\n\n\n<div class=\"wp-block-query is-layout-flow wp-block-query-is-layout-flow\"><ul class=\"wp-block-post-template is-layout-flow wp-block-post-template-is-layout-flow\"><li class=\"wp-block-post post-105 post type-post status-publish format-standard has-post-thumbnail hentry category-architecture tag-architects tag-architecture tag-form tag-function\">\n\n<div class=\"wp-block-group is-vertical is-layout-flex wp-container-core-group-is-layout-42e9c677 wp-block-group-is-layout-flex\"><h2 class=\"wp-block-post-title has-medium-font-size\"><a href=\"https:\/\/2024.wordpress.net\/index.php\/2023\/08\/14\/balancing-form-and-function-in-modern-design\/\" target=\"_self\" >The Art of Balancing Form and Function in Architecture<\/a><\/h2>\n\n\n<div class=\"wp-block-group has-global-padding is-layout-constrained wp-block-group-is-layout-constrained\">\n<div class=\"wp-block-group is-content-justification-left is-layout-flex wp-container-core-group-is-layout-dfe8e91f wp-block-group-is-layout-flex\"><div class=\"wp-block-post-date\"><time datetime=\"2023-08-14T09:36:11+00:00\"><a href=\"https:\/\/2024.wordpress.net\/index.php\/2023\/08\/14\/balancing-form-and-function-in-modern-design\/\">Aug 14, 2023<\/a><\/time><\/div>\n\n\n<p class=\"has-contrast-2-color has-text-color has-link-color wp-elements-ca31b0f001ed802bbae1ef4eae159115\">\u2014<\/p>\n\n\n\n<p class=\"has-small-font-size\">by<\/p>\n\n\n<div class=\"wp-block-post-author-name\"><a href=\"https:\/\/2024.wordpress.net\/index.php\/author\/luminuu\/\" target=\"_self\" class=\"wp-block-post-author-name__link\">Rhye Moore<\/a><\/div>\n\n<div class=\"taxonomy-category wp-block-post-terms\"><span class=\"wp-block-post-terms__prefix\">in <\/span><a href=\"https:\/\/2024.wordpress.net\/index.php\/category\/architecture\/\" rel=\"tag\">Architecture<\/a><\/div><\/div>\n<\/div>\n<\/div>\n\n\n\n<div style=\"height:var(--wp--preset--spacing--10)\" aria-hidden=\"true\" class=\"wp-block-spacer\"><\/div>\n\n<\/li><li class=\"wp-block-post post-102 post type-post status-publish format-standard has-post-thumbnail hentry category-architecture tag-architecture tag-impressive\">\n\n<div class=\"wp-block-group is-vertical is-layout-flex wp-container-core-group-is-layout-42e9c677 wp-block-group-is-layout-flex\"><h2 class=\"wp-block-post-title has-medium-font-size\"><a href=\"https:\/\/2024.wordpress.net\/index.php\/2023\/08\/14\/impressive-buildings\/\" target=\"_self\" >Impressive Buildings<\/a><\/h2>\n\n\n<div class=\"wp-block-group has-global-padding is-layout-constrained wp-block-group-is-layout-constrained\">\n<div class=\"wp-block-group is-content-justification-left is-layout-flex wp-container-core-group-is-layout-dfe8e91f wp-block-group-is-layout-flex\"><div class=\"wp-block-post-date\"><time datetime=\"2023-08-14T09:35:38+00:00\"><a href=\"https:\/\/2024.wordpress.net\/index.php\/2023\/08\/14\/impressive-buildings\/\">Aug 14, 2023<\/a><\/time><\/div>\n\n\n<p class=\"has-contrast-2-color has-text-color has-link-color wp-elements-ca31b0f001ed802bbae1ef4eae159115\">\u2014<\/p>\n\n\n\n<p class=\"has-small-font-size\">by<\/p>\n\n\n<div class=\"wp-block-post-author-name\"><a href=\"https:\/\/2024.wordpress.net\/index.php\/author\/beafialho\/\" target=\"_self\" class=\"wp-block-post-author-name__link\">Francesca Piovani<\/a><\/div>\n\n<div class=\"taxonomy-category wp-block-post-terms\"><span class=\"wp-block-post-terms__prefix\">in <\/span><a href=\"https:\/\/2024.wordpress.net\/index.php\/category\/architecture\/\" rel=\"tag\">Architecture<\/a><\/div><\/div>\n<\/div>\n<\/div>\n\n\n\n<div style=\"height:var(--wp--preset--spacing--10)\" aria-hidden=\"true\" class=\"wp-block-spacer\"><\/div>\n\n<\/li><li class=\"wp-block-post post-99 post type-post status-publish format-standard has-post-thumbnail hentry category-architecture tag-architecture tag-materials\">\n\n<div class=\"wp-block-group is-vertical is-layout-flex wp-container-core-group-is-layout-42e9c677 wp-block-group-is-layout-flex\"><h2 class=\"wp-block-post-title has-medium-font-size\"><a href=\"https:\/\/2024.wordpress.net\/index.php\/2023\/08\/14\/exploring-innovative-materials-shaping-the-future-of-architecture\/\" target=\"_self\" >Exploring Innovative Materials Shaping the Future of Architecture<\/a><\/h2>\n\n\n<div class=\"wp-block-group has-global-padding is-layout-constrained wp-block-group-is-layout-constrained\">\n<div class=\"wp-block-group is-content-justification-left is-layout-flex wp-container-core-group-is-layout-dfe8e91f wp-block-group-is-layout-flex\"><div class=\"wp-block-post-date\"><time datetime=\"2023-08-14T09:34:44+00:00\"><a href=\"https:\/\/2024.wordpress.net\/index.php\/2023\/08\/14\/exploring-innovative-materials-shaping-the-future-of-architecture\/\">Aug 14, 2023<\/a><\/time><\/div>\n\n\n<p class=\"has-contrast-2-color has-text-color has-link-color wp-elements-ca31b0f001ed802bbae1ef4eae159115\">\u2014<\/p>\n\n\n\n<p class=\"has-small-font-size\">by<\/p>\n\n\n<div class=\"wp-block-post-author-name\"><a href=\"https:\/\/2024.wordpress.net\/index.php\/author\/beafialho\/\" target=\"_self\" class=\"wp-block-post-author-name__link\">Francesca Piovani<\/a><\/div>\n\n<div class=\"taxonomy-category wp-block-post-terms\"><span class=\"wp-block-post-terms__prefix\">in <\/span><a href=\"https:\/\/2024.wordpress.net\/index.php\/category\/architecture\/\" rel=\"tag\">Architecture<\/a><\/div><\/div>\n<\/div>\n<\/div>\n\n\n\n<div style=\"height:var(--wp--preset--spacing--10)\" aria-hidden=\"true\" class=\"wp-block-spacer\"><\/div>\n\n<\/li><\/ul><\/div>\n<\/div>\n\n\n\n<hr class=\"wp-block-separator has-text-color has-base-3-color has-alpha-channel-opacity has-base-3-background-color has-background is-style-wide\"\/>\n\n\n\n<div class=\"wp-block-group has-global-padding is-layout-constrained wp-block-group-is-layout-constrained\">\n<h2 class=\"wp-block-heading\" style=\"font-size:clamp(1.039rem, 1.039rem + ((1vw - 0.2rem) * 0.935), 1.6rem);\">Links<\/h2>\n\n\n<nav style=\"font-style:normal;font-weight:400;\" class=\"has-small-font-size  is-vertical has-text-decoration-underline wp-block-navigation is-layout-flex wp-container-core-navigation-is-layout-ddf659ed wp-block-navigation-is-layout-flex\" aria-label=\"Navigation 2\"><ul style=\"font-style:normal;font-weight:400;\" class=\"wp-block-navigation__container has-small-font-size  is-vertical has-text-decoration-underline wp-block-navigation has-small-font-size\"><li class=\"has-small-font-size wp-block-navigation-item wp-block-navigation-link\"><a class=\"wp-block-navigation-item__content\"  href=\"#\"><span class=\"wp-block-navigation-item__label\">Dernier rapport sur l&#8217;inflation \u2197<\/span><\/a><\/li><li class=\"has-small-font-size wp-block-navigation-item wp-block-navigation-link\"><a class=\"wp-block-navigation-item__content\"  href=\"#\"><span class=\"wp-block-navigation-item__label\">Applications financi\u00e8res pour les familles \u2197<\/span><\/a><\/li><\/ul><\/nav><\/div>\n\n\n\n<div style=\"height:var(--wp--preset--spacing--10)\" aria-hidden=\"true\" class=\"wp-block-spacer\"><\/div>\n<\/div>\n<\/div>\n\n\n\n<div class=\"wp-block-column is-layout-flow wp-block-column-is-layout-flow\" style=\"flex-basis:10%\"><\/div>\n<\/div>\n<\/div>\n\n\n\n<div class=\"wp-block-group alignfull has-background has-global-padding is-layout-constrained wp-container-core-group-is-layout-f611be13 wp-block-group-is-layout-constrained\" style=\"background-color:#f2efe6;padding-top:var(--wp--preset--spacing--50);padding-right:var(--wp--preset--spacing--50);padding-bottom:var(--wp--preset--spacing--50);padding-left:var(--wp--preset--spacing--50)\">\n<div class=\"wp-block-group alignwide has-background has-global-padding is-layout-constrained wp-container-core-group-is-layout-39412042 wp-block-group-is-layout-constrained\" style=\"border-radius:16px;background-color:#fcf9f0;padding-top:var(--wp--preset--spacing--40);padding-right:var(--wp--preset--spacing--50);padding-bottom:var(--wp--preset--spacing--40);padding-left:var(--wp--preset--spacing--50)\">\n<div style=\"height:var(--wp--preset--spacing--10)\" aria-hidden=\"true\" class=\"wp-block-spacer\"><\/div>\n\n\n\n<h2 class=\"wp-block-heading has-text-align-center has-text-color has-link-color has-x-large-font-size wp-elements-ec393e5fe43f1117b64150bb9a1590ed\" style=\"color:#373930\">Join 900+ subscribers<\/h2>\n\n\n\n<p class=\"has-text-align-center has-text-color has-link-color wp-elements-a21262ea19a5a85a1a4b2639cc946ad2\" style=\"color:#373930\">Stay in the loop with everything you need to know.<\/p>\n\n\n\n<div class=\"wp-block-buttons is-content-justification-center is-layout-flex wp-container-core-buttons-is-layout-a89b3969 wp-block-buttons-is-layout-flex\">\n<div class=\"wp-block-button\"><a class=\"wp-block-button__link has-background wp-element-button\" style=\"background-color:#373930\">Sign up<\/a><\/div>\n<\/div>\n\n\n\n<div style=\"height:var(--wp--preset--spacing--10)\" aria-hidden=\"true\" class=\"wp-block-spacer\"><\/div>\n<\/div>\n<\/div>\n<\/div>\n","protected":false},"excerpt":{"rendered":"<p>J&#8217;\u00e9cris sur la finance, la gestion et l&#8217;\u00e9conomie, mon livre &#8220;\u00c9tudes mon\u00e9taires&#8221; est sorti maintenant. Sur l&#8217;auteur Je suis Adele Diouf, et je suis anim\u00e9e par une curiosit\u00e9 insatiable de d\u00e9voiler la tapisserie complexe de la finance et de l&#8217;\u00e9conomie. Au cours de plus d&#8217;une d\u00e9cennie, mon voyage \u00e0 travers le labyrinthe des march\u00e9s mondiaux, [&hellip;]<\/p>\n","protected":false},"author":3,"featured_media":0,"parent":0,"menu_order":0,"comment_status":"closed","ping_status":"closed","template":"page-no-title","meta":{"footnotes":""},"class_list":["post-367","page","type-page","status-publish","hentry"],"_links":{"self":[{"href":"https:\/\/2024.wordpress.net\/index.php\/wp-json\/wp\/v2\/pages\/367","targetHints":{"allow":["GET"]}}],"collection":[{"href":"https:\/\/2024.wordpress.net\/index.php\/wp-json\/wp\/v2\/pages"}],"about":[{"href":"https:\/\/2024.wordpress.net\/index.php\/wp-json\/wp\/v2\/types\/page"}],"author":[{"embeddable":true,"href":"https:\/\/2024.wordpress.net\/index.php\/wp-json\/wp\/v2\/users\/3"}],"replies":[{"embeddable":true,"href":"https:\/\/2024.wordpress.net\/index.php\/wp-json\/wp\/v2\/comments?post=367"}],"version-history":[{"count":8,"href":"https:\/\/2024.wordpress.net\/index.php\/wp-json\/wp\/v2\/pages\/367\/revisions"}],"predecessor-version":[{"id":647,"href":"https:\/\/2024.wordpress.net\/index.php\/wp-json\/wp\/v2\/pages\/367\/revisions\/647"}],"wp:attachment":[{"href":"https:\/\/2024.wordpress.net\/index.php\/wp-json\/wp\/v2\/media?parent=367"}],"curies":[{"name":"wp","href":"https:\/\/api.w.org\/{rel}","templated":true}]}}